{"id":22,"date":"2015-08-31T10:16:08","date_gmt":"2015-08-31T08:16:08","guid":{"rendered":"http:\/\/www.lionspescia.it\/\/?page_id=22"},"modified":"2025-07-12T16:58:37","modified_gmt":"2025-07-12T14:58:37","slug":"pagina-istituzionale-3","status":"publish","type":"page","link":"https:\/\/www.lionspescia.it\/?page_id=22","title":{"rendered":"I Melvin Jones Fellow"},"content":{"rendered":"<p style=\"text-align: justify;\"><span style=\"color: #808080;\">Melvin Jones Fellowship<\/span><br \/>\n<span style=\"color: #808080;\"> La Melvin Fellowship, che prende il nome dal fondatore del Lions Clubs International, \u00e8 una onorificenza e non un premio ed \u00e8 stata creata per dare il pi\u00f9 alto riconoscimento alla dedizione delle singole persone al servizio umanitario. Non \u00e8 necessario essere Lions per tale onorificenza, che viene assegnata quando si effettuano donazioni alla LCIF pari a mille dollari. Il programma Amici di Melvin Jones \u00e8 stato istituito nel 1973, mentre il programma Progressive ha avuto inizio nel 1986 in risposta alla richiesta dei Lions di estendere il loro impegno nei confronti di LCIF. Le donazioni effettuate tramite il programma Amici di Melvin Jones costituiscono il 75 percento delle entrate annue della fondazione. Il programma PMJF \u00e8 strutturato in 100 livelli. La maggior parte dei fondi raccolti durante la Campagna SightFirst e SightFirst II proveniva da donazioni di Amici di Melvin Jones. A maggio 2014 si contavano 361.160 destinatari MJF e 68.518 destinatari PMJF in tutto il mondo. Tutti gli Amici di Melvin Jones sono invitati al pranzo annuale che si tiene alla convention. Questo pranzo \u00e8 stato istituito nel 1984 e da allora \u00e8 stato organizzato in occasione di ogni convention. I nomi degli Amici di Melvin Jones sono visualizzati su un computer nella sala LCIF nella Sede Internazionale.<\/span><\/p>\n<p><span style=\"color: #808080;\">Il lions Club Pescia ha conferito la MJF e la PMJF alle seguenti persone che si sono evidenziate per il loro sostegno al Lionismo con opere e denaro:<\/span><\/p>\n<p><span style=\"color: #808080;\">Carla Papini Romagnani &#8211; 2024-2025<br \/>\nGiovanni Boldrini &#8211; 2024-2025<br \/>\n<\/span><span style=\"color: #808080;\">Don Valerio Mugnaini &#8211; 2023-2024\u00a0 \u00a0 \u00a0<\/span><br \/>\n<span style=\"color: #808080;\">Maurizio Sonnoli &#8211; 2023-2024 PMJF**<\/span><br \/>\n<span style=\"color: #808080;\">Nicola Gentili &#8211; 2023-2024<br \/>\n<\/span><span style=\"color: #808080;\">Antonio Guastapaglia &#8211; 2022-2023 PMJF **<br \/>\nMons. Roberto Filippini &#8211; 2021-2022<br \/>\nLorenzo Guidi &#8211; 2021-2022<br \/>\nLando Silvestrini &#8211; 2020-2021<br \/>\nMaurizio Sonnoli &#8211; 2020-2021<br \/>\nPierluigi Bertellotti &#8211; 2019-2020<br \/>\nAlessandro Taddei &#8211; 2018-2019\u00a0 PMJF****<br \/>\nCristina Pantera &#8211; 2018-2019\u00a0 PMJF **<br \/>\nAntonio Grassotti &#8211; 2018-2019\u00a0 PMJF **<br \/>\nDon Leonardo Mazzei &#8211; 2017-2018<br \/>\nAlessandro Andreani &#8211; 2017-2018<br \/>\nVincenzo Pace &#8211; 2017-2018<br \/>\nAlessandro Taddei &#8211; 2016-2017\u00a0\u00a0 PMJF***<br \/>\nAndrea Vadal\u00e0 &#8211; 2016-2017<br \/>\nRoberto Salani &#8211; 2016-2017<br \/>\nVittoriano Raffaelli &#8211; 2016-2017\u00a0\u00a0 PMJF**<br \/>\nGaia Corrao &#8211; 2015-2016<br \/>\nNadia Neri Raffaelli &#8211; 2015-2016<br \/>\nGiancarlo Checchi &#8211; 2015-2016<br \/>\nGianpaolo Pieraccini &#8211; 2014-2015<br \/>\nAlessandro Taddei &#8211; 2014-2015\u00a0\u00a0\u00a0 PMJF**<br \/>\nMarco Incerpi &#8211; 2013-2014<br \/>\nAttilio Nerla &#8211; 2012-2013\u00a0\u00a0\u00a0 PMJF**<br \/>\nGino Incerpi &#8211; 2012-2013\u00a0 (in memoria)<br \/>\nVittoriano Raffaelli &#8211; 2011-2012<br \/>\nFrancesco Bellandi &#8211; 2011-2012<br \/>\nStefano Latini &#8211; 2011-2012<br \/>\nAlessandro Taddei &#8211; 2011-2012<br \/>\nGino Briganti &#8211; 2010-2011<br \/>\nLuca Biscioni &#8211; 2010-2011<br \/>\nGiovanni Landucci &#8211; 2009-2010<br \/>\nMarco Baldanzi &#8211; 2009-2010<a style=\"color: #808080;\" href=\"https:\/\/www.lionspescia.it\/wp-content\/uploads\/2015\/08\/MJF2.jpg\" rel=\"attachment wp-att-323\" data-rel=\"lightbox-image-0\" data-rl_title=\"\" data-rl_caption=\"\" title=\"\"><img loading=\"lazy\" decoding=\"async\" class=\"wp-image-323 size-full alignright\" src=\"https:\/\/www.lionspescia.it\/wp-content\/uploads\/2015\/08\/MJF2.jpg\" alt=\"\" width=\"208\" height=\"242\" \/><\/a><br \/>\nMarco Pippi &#8211; 2008-2009<br \/>\nAttilio Nerla &#8211; 2008-2009<br \/>\nLio Moroni &#8211; 2008-2009<br \/>\nCristina Pantera &#8211; 2007-2008<br \/>\nSergio Villani &#8211; 2004-2005<br \/>\nPiero Tosi &#8211; 2002-2003<br \/>\nLucia Corradini Petrocchi &#8211; 2001-2002<br \/>\nAnna Papini Ciampi &#8211; 2001-2002<br \/>\nGino Tintori &#8211; 1993-1994<br \/>\nPierluigi Visani &#8211; 1992-1993<br \/>\nLamberto Simoni &#8211; 1991-1992<br \/>\nCarlo Stocchi -1990-1991<\/span><\/p>\n","protected":false},"excerpt":{"rendered":"<p>Melvin Jones Fellowship La Melvin Fellowship, che prende il nome dal fondatore del Lions Clubs International, \u00e8 una onorificenza e non un premio ed \u00e8 stata creata per dare il pi\u00f9 alto riconoscimento alla dedizione delle singole persone al servizio umanitario. Non \u00e8 necessario essere [&hellip;]<\/p>\n","protected":false},"author":1,"featured_media":324,"parent":18,"menu_order":15,"comment_status":"closed","ping_status":"closed","template":"","meta":{"footnotes":""},"class_list":["post-22","page","type-page","status-publish","has-post-thumbnail","hentry"],"yoast_head":"<!-- This site is optimized with the Yoast SEO plugin v23.0 - https:\/\/yoast.com\/wordpress\/plugins\/seo\/ -->\n<title>I Melvin Jones Fellow - Lions Club Pescia<\/title>\n<meta name=\"robots\" content=\"index, follow, max-snippet:-1, max-image-preview:large, max-video-preview:-1\" \/>\n<link rel=\"canonical\" href=\"https:\/\/www.lionspescia.it\/?page_id=22\" \/>\n<meta property=\"og:locale\" content=\"it_IT\" \/>\n<meta property=\"og:type\" content=\"article\" \/>\n<meta property=\"og:title\" content=\"I Melvin Jones Fellow - Lions Club Pescia\" \/>\n<meta property=\"og:description\" content=\"Melvin Jones Fellowship La Melvin Fellowship, che prende il nome dal fondatore del Lions Clubs International, \u00e8 una onorificenza e non un premio ed \u00e8 stata creata per dare il pi\u00f9 alto riconoscimento alla dedizione delle singole persone al servizio umanitario. Non \u00e8 necessario essere [&hellip;]\" \/>\n<meta property=\"og:url\" content=\"https:\/\/www.lionspescia.it\/?page_id=22\" \/>\n<meta property=\"og:site_name\" content=\"Lions Club Pescia\" \/>\n<meta property=\"article:modified_time\" content=\"2025-07-12T14:58:37+00:00\" \/>\n<meta property=\"og:image\" content=\"https:\/\/www.lionspescia.it\/wp-content\/uploads\/2015\/08\/mjf1.jpg\" \/>\n\t<meta property=\"og:image:width\" content=\"277\" \/>\n\t<meta property=\"og:image:height\" content=\"182\" \/>\n\t<meta property=\"og:image:type\" content=\"image\/jpeg\" \/>\n<meta name=\"twitter:card\" content=\"summary_large_image\" \/>\n<meta name=\"twitter:label1\" content=\"Tempo di lettura stimato\" \/>\n\t<meta name=\"twitter:data1\" content=\"3 minuti\" \/>\n<script type=\"application\/ld+json\" class=\"yoast-schema-graph\">{\"@context\":\"https:\/\/schema.org\",\"@graph\":[{\"@type\":\"WebPage\",\"@id\":\"https:\/\/www.lionspescia.it\/?page_id=22\",\"url\":\"https:\/\/www.lionspescia.it\/?page_id=22\",\"name\":\"I Melvin Jones Fellow - Lions Club Pescia\",\"isPartOf\":{\"@id\":\"https:\/\/www.lionspescia.it\/#website\"},\"primaryImageOfPage\":{\"@id\":\"https:\/\/www.lionspescia.it\/?page_id=22#primaryimage\"},\"image\":{\"@id\":\"https:\/\/www.lionspescia.it\/?page_id=22#primaryimage\"},\"thumbnailUrl\":\"https:\/\/www.lionspescia.it\/wp-content\/uploads\/2015\/08\/mjf1.jpg\",\"datePublished\":\"2015-08-31T08:16:08+00:00\",\"dateModified\":\"2025-07-12T14:58:37+00:00\",\"breadcrumb\":{\"@id\":\"https:\/\/www.lionspescia.it\/?page_id=22#breadcrumb\"},\"inLanguage\":\"it-IT\",\"potentialAction\":[{\"@type\":\"ReadAction\",\"target\":[\"https:\/\/www.lionspescia.it\/?page_id=22\"]}]},{\"@type\":\"ImageObject\",\"inLanguage\":\"it-IT\",\"@id\":\"https:\/\/www.lionspescia.it\/?page_id=22#primaryimage\",\"url\":\"https:\/\/www.lionspescia.it\/wp-content\/uploads\/2015\/08\/mjf1.jpg\",\"contentUrl\":\"https:\/\/www.lionspescia.it\/wp-content\/uploads\/2015\/08\/mjf1.jpg\",\"width\":277,\"height\":182},{\"@type\":\"BreadcrumbList\",\"@id\":\"https:\/\/www.lionspescia.it\/?page_id=22#breadcrumb\",\"itemListElement\":[{\"@type\":\"ListItem\",\"position\":1,\"name\":\"Home\",\"item\":\"https:\/\/www.lionspescia.it\/\"},{\"@type\":\"ListItem\",\"position\":2,\"name\":\"Chi siamo\",\"item\":\"https:\/\/www.lionspescia.it\/?page_id=18\"},{\"@type\":\"ListItem\",\"position\":3,\"name\":\"I Melvin Jones Fellow\"}]},{\"@type\":\"WebSite\",\"@id\":\"https:\/\/www.lionspescia.it\/#website\",\"url\":\"https:\/\/www.lionspescia.it\/\",\"name\":\"Lions Club Pescia\",\"description\":\"Il sito web ufficiale del Lions Club Pescia\",\"potentialAction\":[{\"@type\":\"SearchAction\",\"target\":{\"@type\":\"EntryPoint\",\"urlTemplate\":\"https:\/\/www.lionspescia.it\/?s={search_term_string}\"},\"query-input\":\"required name=search_term_string\"}],\"inLanguage\":\"it-IT\"}]}<\/script>\n<!-- \/ Yoast SEO plugin. -->","yoast_head_json":{"title":"I Melvin Jones Fellow - Lions Club Pescia","robots":{"index":"index","follow":"follow","max-snippet":"max-snippet:-1","max-image-preview":"max-image-preview:large","max-video-preview":"max-video-preview:-1"},"canonical":"https:\/\/www.lionspescia.it\/?page_id=22","og_locale":"it_IT","og_type":"article","og_title":"I Melvin Jones Fellow - Lions Club Pescia","og_description":"Melvin Jones Fellowship La Melvin Fellowship, che prende il nome dal fondatore del Lions Clubs International, \u00e8 una onorificenza e non un premio ed \u00e8 stata creata per dare il pi\u00f9 alto riconoscimento alla dedizione delle singole persone al servizio umanitario. Non \u00e8 necessario essere [&hellip;]","og_url":"https:\/\/www.lionspescia.it\/?page_id=22","og_site_name":"Lions Club Pescia","article_modified_time":"2025-07-12T14:58:37+00:00","og_image":[{"width":277,"height":182,"url":"https:\/\/www.lionspescia.it\/wp-content\/uploads\/2015\/08\/mjf1.jpg","type":"image\/jpeg"}],"twitter_card":"summary_large_image","twitter_misc":{"Tempo di lettura stimato":"3 minuti"},"schema":{"@context":"https:\/\/schema.org","@graph":[{"@type":"WebPage","@id":"https:\/\/www.lionspescia.it\/?page_id=22","url":"https:\/\/www.lionspescia.it\/?page_id=22","name":"I Melvin Jones Fellow - Lions Club Pescia","isPartOf":{"@id":"https:\/\/www.lionspescia.it\/#website"},"primaryImageOfPage":{"@id":"https:\/\/www.lionspescia.it\/?page_id=22#primaryimage"},"image":{"@id":"https:\/\/www.lionspescia.it\/?page_id=22#primaryimage"},"thumbnailUrl":"https:\/\/www.lionspescia.it\/wp-content\/uploads\/2015\/08\/mjf1.jpg","datePublished":"2015-08-31T08:16:08+00:00","dateModified":"2025-07-12T14:58:37+00:00","breadcrumb":{"@id":"https:\/\/www.lionspescia.it\/?page_id=22#breadcrumb"},"inLanguage":"it-IT","potentialAction":[{"@type":"ReadAction","target":["https:\/\/www.lionspescia.it\/?page_id=22"]}]},{"@type":"ImageObject","inLanguage":"it-IT","@id":"https:\/\/www.lionspescia.it\/?page_id=22#primaryimage","url":"https:\/\/www.lionspescia.it\/wp-content\/uploads\/2015\/08\/mjf1.jpg","contentUrl":"https:\/\/www.lionspescia.it\/wp-content\/uploads\/2015\/08\/mjf1.jpg","width":277,"height":182},{"@type":"BreadcrumbList","@id":"https:\/\/www.lionspescia.it\/?page_id=22#breadcrumb","itemListElement":[{"@type":"ListItem","position":1,"name":"Home","item":"https:\/\/www.lionspescia.it\/"},{"@type":"ListItem","position":2,"name":"Chi siamo","item":"https:\/\/www.lionspescia.it\/?page_id=18"},{"@type":"ListItem","position":3,"name":"I Melvin Jones Fellow"}]},{"@type":"WebSite","@id":"https:\/\/www.lionspescia.it\/#website","url":"https:\/\/www.lionspescia.it\/","name":"Lions Club Pescia","description":"Il sito web ufficiale del Lions Club Pescia","potentialAction":[{"@type":"SearchAction","target":{"@type":"EntryPoint","urlTemplate":"https:\/\/www.lionspescia.it\/?s={search_term_string}"},"query-input":"required name=search_term_string"}],"inLanguage":"it-IT"}]}},"_links":{"self":[{"href":"https:\/\/www.lionspescia.it\/index.php?rest_route=\/wp\/v2\/pages\/22","targetHints":{"allow":["GET"]}}],"collection":[{"href":"https:\/\/www.lionspescia.it\/index.php?rest_route=\/wp\/v2\/pages"}],"about":[{"href":"https:\/\/www.lionspescia.it\/index.php?rest_route=\/wp\/v2\/types\/page"}],"author":[{"embeddable":true,"href":"https:\/\/www.lionspescia.it\/index.php?rest_route=\/wp\/v2\/users\/1"}],"replies":[{"embeddable":true,"href":"https:\/\/www.lionspescia.it\/index.php?rest_route=%2Fwp%2Fv2%2Fcomments&post=22"}],"version-history":[{"count":34,"href":"https:\/\/www.lionspescia.it\/index.php?rest_route=\/wp\/v2\/pages\/22\/revisions"}],"predecessor-version":[{"id":1768,"href":"https:\/\/www.lionspescia.it\/index.php?rest_route=\/wp\/v2\/pages\/22\/revisions\/1768"}],"up":[{"embeddable":true,"href":"https:\/\/www.lionspescia.it\/index.php?rest_route=\/wp\/v2\/pages\/18"}],"wp:featuredmedia":[{"embeddable":true,"href":"https:\/\/www.lionspescia.it\/index.php?rest_route=\/wp\/v2\/media\/324"}],"wp:attachment":[{"href":"https:\/\/www.lionspescia.it\/index.php?rest_route=%2Fwp%2Fv2%2Fmedia&parent=22"}],"curies":[{"name":"wp","href":"https:\/\/api.w.org\/{rel}","templated":true}]}}